e units digit of r(16)?
8
Suppose -15*w + 64 = -11*w. What is the tens digit of w/(-4) - -80 - (0 + -1)?
7
Suppose 269*l - 256*l - 8359 = 0. What is the tens digit of l?
4
Let c(l) = 4*l - 2. Let g be c(-24). What is the tens digit of 20/(-1 + -4) - g?
9
Let j(i) = 174*i - 5. What is the units digit of j(4)?
1
Suppose r - 4*r = -12. Suppose -r*y = -3*f - 136, -3*y + f = -2*y - 35. What is the tens digit of y?
3
Let p = -174 - -993. What is the tens digit of p?
1
Let a(s) = 38*s. Let y be a(1). Suppose -217 - y = -5*f. What is the tens digit of f?
5
What is the hundreds digit of 191/(-3)*(-72)/(24/4)?
7
Let m(o) be the first derivative of -9*o**4/4 - o**2/2 - o + 1. Suppose 5*d = 4*x + 24, -5*x + x + 8 = 3*d. What is the units digit of m(x)?
9
Suppose 22*c - 7392 = c. What is the tens digit of c?
5
What is the tens digit of (6/(-12))/((17/(-3580))/17)?
9
Let w = 2562 + -1410. What is the hundreds digit of (-84)/210 + (w/5 - 0)?
2
Suppose -i = -3*a + 4 - 9, 2*i = 4. Let h = -1 + 4. What is the units digit of h + -5 - a - -4?
3
Let t be 10/8 + 532/304. Let n be 4*(0 + (-146)/4). What is the tens digit of 1/t + n/(-3)?
4
Let t(o) = o - 7. Let a be t(6). Let m(p) = 9 - 14*p + 9 + 4 - 23. What is the tens digit of m(a)?
1
Let f(g) be the third derivative of 5*g**4/24 + 2*g**3/3 - 4*g**2. Let t = -18 - -23. What is the units digit of f(t)?
9
Suppose 2 = 2*r - 2. Suppose 5*c + u = r*u + 324, 5*c = 2*u + 328. What is the tens digit of c?
6
Suppose -4*i + 144 = -2*y, i - 2*y = 2*i - 31. Suppose 0 = d - i - 6. What is the tens digit of d?
4
Let y be 5046/14 - 52/(-91). Let g = -141 + y. What is the units digit of g/15 - 1/(-3)?
5
Let w be (-16)/6*(-10 + -8). Let h = 2 + w. What is the units digit of h?
0
Suppose -3*m - 7 = 5*y, -2*m + y + 0*y + 4 = 0. What is the tens digit of (-6*m)/((-15)/190)?
7
Let n be 1 + 0 - (-73 + (-2)/1). Suppose -2*u + 0*u = -2*k + n, 4*k + 4*u - 128 = 0. What is the tens digit of k?
3
Let b(y) = -21*y - 6 + 20*y + 1. Let o be b(-6). Let x = o + 24. What is the units digit of x?
5
Let c(m) = m**3 - m**2 + 31. Let o(x) = x**3 + 9*x**2 + x + 9. Let a be o(-9). What is the units digit of c(a)?
1
Let b be (3/(-6) + 1)*(-8 + 8). Suppose -5*s + 15 = -b, 0 = -5*c - s + 823. What is the tens digit of c?
6
Let z be 2*((-2)/5)/(32/(-360)). Suppose 5*x = -5*w + 285, -x - 2*x = z. What is the tens digit of w?
6
Suppose -3*p = -5*k + 885, -2*k + 531 = k - 3*p. Suppose -2*n = -4, 3*n + k = 3*x - 0*x. Let o = x - 16. What is the tens digit of o?
4
Suppose -2*h - 2*z = 3*z + 31, -3*h + 2*z + 1 = 0. What is the units digit of (-2)/h*(-93)/(-1)?
2
Suppose -p - 2*q = -303, -q + 646 = 3*p - 243. Let o = p - 66. What is the tens digit of o?
2
Let i(n) = n + 4. Let y be i(-7). Suppose 5*s - 6*s = -17. Let t = s + y. What is the tens digit of t?
1
Let z = -6769 + 9623. What is the hundreds digit of z?
8
Let r(n) = n**3 + 16*n**2 + 15*n + 5. Let s be r(-15). Suppose -25 = s*o, -92 = -3*i - 4*o + 86. What is the tens digit of i?
6
Let p = 40 - -115. What is the hundreds digit of p?
1
Let n(h) = 10*h + 2. Let s be n(7). Let d = 119 - s. What is the units digit of d?
7
Suppose -5*a - u + 826 = 0, 3*a - 684 = -a + 5*u. Suppose 5*x = 164 + a. Suppose 0*p + 3*p = x. What is the units digit of p?
2
Suppose 4*h - 3*m + 34 = 0, -2*h - 4*m - 38 = h. What is the units digit of ((-12)/9)/(h/15)?
2
Let s(d) be the first derivative of d**3 + 2*d**2 + 9*d - 13. What is the units digit of s(-4)?
1
Let v(t) = -t**2 + 14*t + 13. Let p be v(15). Let x(r) = -7*r + 2. What is the tens digit of x(p)?
1
What is the hundreds digit of (9 + -7 - 19)/((-2)/34)?
2
Suppose 0 = -3*l + 5*n + 30, -n - 8 = 2*l - 3*l. Let d = 170 + -96. Suppose -d - 21 = -l*p. What is the units digit of p?
9
Let j be -5 + (-4)/(-4) - -999. Suppose -9*w + j = -427. What is the hundreds digit of w?
1
Suppose -4*p = -2*z + z - 83, 4*p - 2*z - 86 = 0. Let t = 18 + -10. Let c = t + p. What is the units digit of c?
8
Let p be (-2 + 3)/((-1)/38). Let g be p/(-4)*(6 + 2). Suppose 0*x = x + 3*t - 51, -x + 2*t + g = 0. What is the units digit of x?
6
Suppose -9*o = -32*o + 21735. What is the units digit of o?
5
Let l = 493 + -173. Suppose l = 3*i - 145. What is the hundreds digit of i?
1
Let a(m) = m**3 + 14*m**2 + 13*m. Let o be a(-13). Suppose 4*n - 4*i - 32 = o, 2*n + 2*n = 5*i + 34. Suppose n*t - 65 = 73. What is the units digit of t?
3
Suppose 4295 = 3*q + 2*k, q - 11*k = -14*k + 1434. What is the thousands digit of q?
1
Let m(a) = -a**3 + 2*a**2 + 4*a + 3. Let u be m(3). Suppose -u*n + 265 = -n. What is the units digit of n?
3
Let r = -351 - -608. What is the hundreds digit of r?
2
Let i = 167 + 944. What is the hundreds digit of i?
1
Let w(x) be the third derivative of -2*x**2 + 1/60*x**5 + 0*x + 0 - 7/12*x**4 - 7/2*x**3. What is the tens digit of w(16)?
1
Let a(g) = g + 297. Let s be a(0). Suppose -u - s = -l + 4*u, 3*u = 4*l - 1205. Suppose 13 = 5*z - l. What is the units digit of z?
3
Let n = 2 + 88. Suppose 0 = 19*g - 17*g - n. What is the tens digit of g?
4
Let o(k) = 757*k - 125. What is the hundreds digit of o(3)?
1
Let l(x) = -x**3 + 16*x**2 - 9*x + 6. Let r be l(12). Suppose 0 = -2*k + 5*k - r. What is the hundreds digit of k?
1
Let x = -679 + 2109. Suppose 13*l + 0*l - x = 0. What is the tens digit of l?
1
Suppose 0 = 3*m - 3 - 126. Suppose 5*a + 9*b - 275 = 4*b, 2*b + m = a. What is the units digit of a?
1
Let h = 857 + -775. What is the units digit of h?
2
Let s = 425 + -226. Suppose 2*j - 57 = s. What is the tens digit of j?
2
Let s = -1712 - -5403. What is the thousands digit of s?
3
Suppose -78*n + 5852 = -56*n. What is the tens digit of n?
6
Let g = 27 + -25. Suppose x = 3*n + 17, -x + 4*n + 19 = 2. Suppose -x = g*h + 2*h - 5*i, -h + i - 3 = 0. What is the units digit of h?
2
Let a(p) = 6*p**2 - 6*p + 13. Suppose 3*t = -29 + 50. What is the units digit of a(t)?
5
Let n be 4/(-22) - 39/(-33). Let g = n - 1. Suppose g = 5*v + 1 - 21. What is the units digit of v?
4
Suppose -4*w - 563 = 301. Let y = -103 - w. What is the tens digit of y?
1
Let k(d) = -d**3 + 3*d**2 + 4*d + 3. Let i be k(-2). Suppose 4*z + i = 7*z. What is the units digit of (4/5)/(2/z)?
2
Suppose 2*o = 3*g + 145, -o + 5*g = 2*o - 216. Let k = -123 + 72. Let m = o + k. What is the tens digit of m?
2
Suppose 2*k + k - 9 = 0. Suppose -3*w + 3 = -k. Let z(n) = 36*n + 3. What is the tens digit of z(w)?
7
Let k(w) = w**2 + 10*w + 10. Let j be k(-12). Suppose j*s - 360 = 30*s. What is the units digit of s?
0
Suppose -7*x + 6698 - 2281 = 0. What is the tens digit of x?
3
Let y = -8 + 6. Let u(v) = 21*v + 14*v + 2 - 45*v. What is the tens digit of u(y)?
2
Suppose -14*g - 6 = -16*g. Suppose g*c - 4*m - 31 = -0*c, 56 = 3*c + m. What is the units digit of c?
7
Let b be 11/2 - (-15)/(-10). Suppose 0 = b*u + 5*r - 176, u + 3*u - 204 = 2*r. What is the units digit of u?
9
Suppose 0 = -334*o + 341*o - 9576. What is the hundreds digit of o?
3
Let t = -12 + 14. Suppose -t*z - 2*z = -320. Suppose 4*i + 0*i = z. What is the units digit of i?
0
Suppose -4*b + 0*t - 2*t - 18 = 0, -3*t = b + 2. Let q = 15 - b. What is the tens digit of q?
2
Suppose 0 = -5*i - 4*f - 66, -3*i - 2*i + f - 46 = 0. Let s(w) = -2*w**2 - 19*w + 13. Let a be s(i). What is the units digit of a/((-1)/45*-3)?
5
Let n = 749 - -457. What is the thousands digit of n?
1
Let n(x) = -x**3 - 11*x**2 - 1. Let l be n(-11). What is the units digit of (2*l/(-6))/((-2)/(-774))?
9
Let s be -7 - (4 - 1)/3. Let w(x) = 5*x**2 - 14*x - 1. Let l(q) = -q**2 + q - 1. Let m(g) = -6*l(g) - w(g). What is the units digit of m(s)?
7
Let h(c) = 63*c**2 + 2*c + 2. Let i be 16/80*(-5)/2*2. What is the tens digit of h(i)?
6
Suppose 3*x = -8 - 1. Let c(q) = -23*q**2 + 2*q + 14. Let l(i) = 8*i**2 - i - 5. Let a(s) = -4*c(s) - 11*l(s). What is the units digit of a(x)?
6
Let d(b) = 3*b - 7. Let q be 5 + -3 + (3 - 2). Let t be d(q). Suppose -3*r - 5*p + 180 = -t*p, -4*p - 40 = -r. What is the tens digit of r?
5
Suppose -93*k + 547617 = -4*k. What is the units digit of k?
3
Let x(b) be the first derivative of 7*b**4/2 + 3*b**2/2 - 5*b - 1. What is the hundreds digit of x(2)?
1
Suppose 4*s + 4 = -v + 13, -2*s = 5*v - 99. What is the tens digit of (0/1 - -1)*v?
2
Let i be 84/16*16/6. Suppose c - 2*c + 24 =